6, what is -14 - 375?
-389
In base 9, what is 138186 - -1?
138187
In base 3, what is -1 - 210010212?
-210010220
In base 6, what is 5 + 232454?
232503
In base 12, what is 4 - 195a1?
-19599
In base 16, what is -660 - -23?
-63d
In base 11, what is 34 - -1031?
1065
In base 16, what is 9 - 2430?
-2427
In base 8, what is 1560270 - 4?
1560264
In base 14, what is 4 + 2d336?
2d33a
In base 3, what is -1 + -1212201101?
-1212201102
In base 13, what is -5 + 5134?
512c
In base 3, what is 2221220012121 + 11?
2221220012202
In base 15, what is -24 - -3d98?
3d74
In base 5, what is -11 + 1210121?
1210110
In base 6, what is -4531555 + -4?
-4532003
In base 11, what is 4 - 73262?
-73259
In base 16, what is ad3 - e?
ac5
In base 5, what is -3014 + -1003?
-4022
In base 6, what is -12 + -4035?
-4051
In base 11, what is 108 + a34?
1041
In base 7, what is -621 + 33231?
32310
In base 4, what is 1031 + -2230212?
-2223121
In base 12, what is 19 - -1091?
10aa
In base 16, what is 4 + 3b048?
3b04c
In base 3, what is -1222 + 21020?
12021
In base 5, what is 12121 - 143323?
-131202
In base 8, what is 330723 + -10?
330713
In base 5, what is 20231321 - 4?
20231312
In base 6, what is -3253 - 1014?
-4311
In base 8, what is -5 - -600755?
600750
In base 9, what is 5 + -222368?
-222363
In base 5, what is 21 + -103412?
-103341
In base 11, what is -17 - -5694?
5678
In base 6, what is 125153 + 15?
125212
In base 6, what is 15513323 + -20?
15513303
In base 12, what is -77 + 330?
275
In base 6, what is -31 - 103412?
-103443
In base 7, what is 10335 + 36?
10404
In base 15, what is 8a - 179?
-de
In base 13, what is 1574ab - -7?
1574b5
In base 12, what is -44b36 + -28?
-44b62
In base 3, what is -1000101 + -11?
-1000112
In base 9, what is 837687 + 6?
837704
In base 4, what is 13220 - -1322?
21202
In base 14, what is 67b + -17b?
500
In base 15, what is -20 + -173b?
-175b
In base 11, what is 37 + -aa7?
-a70
In base 12, what is 8 + -2aa7?
-2a9b
In base 16, what is -18319 + 1?
-18318
In base 7, what is 105 - 41343?
-41235
In base 16, what is -1aa49 + 4?
-1aa45
In base 16, what is b - f0a?
-eff
In base 4, what is 13 - -2023002?
2023021
In base 14, what is -6b8 + 36?
-682
In base 8, what is -44006 + 12?
-43774
In base 13, what is -16cb - -207?
-14c4
In base 11, what is -900 + -1?
-901
In base 9, what is -3 + 1638053?
1638050
In base 7, what is -1550 - 5140?
-10020
In base 13, what is -2c2c - -2?
-2c2a
In base 10, what is 1494 - -14?
1508
In base 8, what is -4526 - 3?
-4531
In base 5, what is 40 + -32112202?
-32112112
In base 3, what is 201120122 + 2211?
201200110
In base 15, what is -a94 + 42?
-a52
In base 9, what is -21007 - -4?
-21003
In base 10, what is 1 + -14239?
-14238
In base 10, what is 2934 + 56?
2990
In base 14, what is 5 - 75c0?
-75b9
In base 16, what is -3ea + -4b?
-435
In base 12, what is a - -95543?
95551
In base 10, what is 433 + 24?
457
In base 3, what is 11 - -111212100?
111212111
In base 13, what is 27ca50 + 2?
27ca52
In base 6, what is 2313 - 12515?
-10202
In base 5, what is 1 - 10343?
-10342
In base 6, what is 4144250 + 4?
4144254
In base 7, what is 131 + -210?
-46
In base 10, what is -1065 + 29?
-1036
In base 6, what is -21542 - -1023?
-20515
In base 13, what is 1 + 45c920?
45c921
In base 12, what is -273 - -4ab?
238
In base 13, what is -26 - 1039?
-1062
In base 14, what is 0 - -b69c0?
b69c0
In base 4, what is -322 - 132012201?
-132013123
In base 5, what is 1103400 - 1?
1103344
In base 10, what is -25 - -10525?
10500
In base 10, what is 0 - 11791?
-11791
In base 13, what is 5c - -20?
7c
In base 14, what is -cc3 - -29?
-c98
In base 4, what is -2313 - -3023?
110
In base 12, what is 465 + 5a?
503
In base 15, what is 5e60c + -5?
5e607
In base 11, what is 545 + -424?
121
In base 7, what is 11 + 1204?
1215
In base 16, what is 7814 + -5?
780f
In base 14, what is -17 - d997?
-d9b0
In base 16, what is 3 - 13b00?
-13afd
In base 9, what is -11 + 8771?
8760
In base 13, what is 3 - c40?
-c3a
In base 15, what is -70466 - 0?
-70466
In base 9, what is -7 - -7170?
7162
In base 5, what is -2121031 - -1403?
-2114123
In base 10, what is 3 + -7309?
-7306
In base 16, what is 32482 - 6?
3247c
In base 12, what is 3 + 14724?
14727
In base 11, what is -a40 + 245?
-7a6
In base 12, what is -2 + 3284?
3282
In base 2, what is -11000110100011 + -10?
-11000110100101
In base 6, what is -23244 - 11?
-23255
In base 3, what is -2 - -110012222021?
110012222012
In base 2, what is -1 + -11011100110010101?
-11011100110010110
In base 7, what is -10322064 - 4?
-10322101
In base 5, what is 34123 - 221?
33402
In base 11, what is -33 - 712?
-745
In base 7, what is -1246 + -54?
-1333
In base 16, what is 51 - 4d?
4
In base 7, what is 12453 - 420?
12033
In base 9, what is 115 - 35727?
-35612
In base 16, what is -d3c5d + -4?
-d3c61
In base 2, what is 111110011001 + -101?
111110010100
In base 9, what is -4272 + 4?
-4267
In base 9, what is 41 + 233720?
233761
In base 15, what is -ab + 82?
-29
In base 2, what is -110101011000 + 1110?
-110101001010
In base 16, what is 3 - 16677?
-16674
In base 3, what is 222022222 + -10?
222022212
In base 13, what is -648c + -27?
-64b6
In base 3, what is -1010210220221 - 12?
-1010210221010
In base 3, what is -111011210 + -22222?
-111111202
In base 15, what is -799 + -82?
-82b
In base 5, what is -1340 + -110201?
-112041
In base 3, what is 2002022110012 - 2?
2002022110010
In base 4, what is -100220212 - -132?
-100220020
In base 11, what is 12 - 3836?
-3824
In base 10, what is 2013891 - 0?
2013891
In base 13, what is -4 + -383c0?
-383c4
In base 7, what is -36220445 - -5?
-36220440
In base 16, what is 13ad - e?
139f
In base 6, what is -10352043 - -2?
-10352041
In base 4, what is -220132 - -12?
-220120
In base 4, what is 10231 + -230002?
-213111
In base 16, what is 62a - cc?
55e
In base 8, what is -3664 - 5?
-3671
In base 16, what is 3fa4 - -75?
4019
In base 5, what is 1223 - -34?
1312
In base 15, what is 40922 - 0?
40922
In base 3, what is -201010222022200 + -10?
-201010222022210
In base 15, what is 41 - -4dc?
52d
In base 6, what is 1144250 + -14?
1144232
In base 7, what is -6 - -654606?
654600
In base 12, what is -2a5121 + -3?
-2a5124
In base 4, what is 1030 + -10031?
-3001
In base 9, what is -6148 - 0?
-6148
In base 7, what is 142522 - -5?
142530
In base 14, what is -3 + 743dc?
743d9
In base 9, what is -306221 - 0?
-306221
In base 7, what is 1 + -5213214?
-5213213
In base 5, what is 1 - 30211131?
-30211130
In base 15, what is b079 - -b?
b085
In base 5, what is -11 + 333034?
333023
In base 11, what is -25 + -2342?
-2367
In base 14, what is 1 + -c8d1?
-c8d0
In base 10, what is 2 + -92628?
-92626
In base 15, what is -19c + 124?
-78
In base 5, what is 231141 - 230?
230411
In base 5, what is 0 - -231312?
231312
In base 9, what is 1365744 + 3?
1365747
In base 2, what is -10 + 10111000100001?
10111000011111
In base 3, what is -2101121211022 + -11?
-2101121211110
In base 11, what is -131025 - 0?
-131025
In base 8, what is -5 - 1000007?
-1000014
In base 16, what is 3 + -3536?
-3533
In base 16, what is 69cf + -7?
69c8
In base 10, what is 31 - 121?
-90
In base 6, what is 4315 + 122?
4441
In base 11, what is -3 + -10712?
-10715
In base 11, what is -218 + -116?
-333
In base 12, what is -3 + -162a?
-1631
In base 14, what is -8 + b10?
b06
In base 6, what is -2552104 - 4?
-2552112
In base 15, what is 6 + 73e83?
73e89
In base 5, what is 213 + 3001?
3214
In base 15, what is 1421 - 2?
141e
In base 8, what is -13667 - 14?
-13703
In base 4, what is -20 - -21310003?
21303323
In base 3, what is -2 - -2221100212?
2221100210
In base 5, what is -10 + 231020?
231010
In base 3, what is 1 - 110010010211?
-110010010210
In base 16, what is e1 - -e?
ef
In base 9, what is 1 + -3283351?
-3283350
In base 16, what is 4 + -307f?
-307b
In base 10, what is 36 - -995?
1031
In base 15, what is -1 - 557?
-558
In base 6, what is -3 - -130103?
130100
In base 6, what is 2134424 + 44?
2134512
In base 5, what is 300410 + 20?
300430
In base 14, what is -28409 - 0?
-28409
In base 12, what is -5b2a - -24?
-5b06
In base 3, what is 1020100 + 1011?
1021111
In base 13, what is -59 - -216?
18a
In base 11, what is -818 - -13?
-805
In base 10, what is -3115 - 14?
-3129
In base 8, what is -737 - -177?
-540
In base 7, what is -2116 + 2253?
134
In base 11